ghest common divisor of 418 and 4950.
22
What is the highest common divisor of 35 and 5?
5
What is the highest common factor of 12 and 102?
6
Calculate the highest common divisor of 15 and 60.
15
Calculate the greatest common factor of 84 and 21.
21
What is the highest common divisor of 18 and 1146?
6
What is the highest common divisor of 12 and 1356?
12
What is the highest common factor of 84 and 140?
28
What is the highest common factor of 9301 and 131?
131
What is the greatest common divisor of 6 and 16?
2
Calculate the highest common factor of 1340 and 20.
20
What is the highest common factor of 30 and 40?
10
What is the highest common factor of 5760 and 90?
90
Calculate the greatest common divisor of 468 and 288.
36
What is the greatest common factor of 98 and 14?
14
Calculate the greatest common divisor of 64422 and 54.
54
What is the highest common factor of 407 and 539?
11
What is the highest common factor of 161 and 35?
7
Calculate the greatest common divisor of 18 and 1035.
9
What is the greatest common divisor of 30 and 57?
3
Calculate the greatest common factor of 68 and 2924.
68
What is the greatest common factor of 62 and 93?
31
What is the highest common factor of 1771 and 55?
11
Calculate the highest common factor of 7084 and 231.
77
What is the greatest common divisor of 9 and 48?
3
Calculate the highest common divisor of 4115 and 5.
5
Calculate the greatest common divisor of 18657 and 135.
27
What is the greatest common divisor of 620 and 20?
20
What is the highest common factor of 19773 and 18?
9
What is the greatest common factor of 189 and 9009?
63
What is the highest common divisor of 66 and 12364?
22
Calculate the greatest common divisor of 36 and 164.
4
Calculate the greatest common divisor of 38 and 3914.
38
What is the highest common factor of 7 and 287?
7
Calculate the greatest common divisor of 1 and 7.
1
Calculate the highest common divisor of 1081 and 987.
47
What is the highest common factor of 11256 and 336?
168
What is the highest common factor of 200 and 2450?
50
What is the greatest common divisor of 1 and 9?
1
What is the greatest common factor of 4811 and 68?
17
Calculate the highest common factor of 23 and 19711.
23
What is the greatest common factor of 525 and 600?
75
Calculate the greatest common divisor of 52 and 130.
26
What is the greatest common factor of 24 and 36?
12
What is the highest common divisor of 816 and 1088?
272
Calculate the highest common factor of 13 and 4368.
13
What is the greatest common factor of 39 and 221?
13
Calculate the highest common factor of 4745 and 325.
65
Calculate the greatest common factor of 798 and 190.
38
Calculate the greatest common divisor of 123 and 5043.
123
What is the greatest common factor of 341 and 319?
11
Calculate the greatest common factor of 44 and 110.
22
What is the highest common divisor of 152 and 2356?
76
What is the highest common divisor of 16 and 24?
8
Calculate the highest common divisor of 16 and 512.
16
Calculate the highest common factor of 342 and 893.
19
What is the highest common factor of 30 and 350?
10
Calculate the highest common divisor of 28 and 364.
28
What is the highest common factor of 434 and 248?
62
Calculate the greatest common factor of 2944 and 46.
46
What is the greatest common factor of 6376 and 32?
8
What is the highest common factor of 117 and 208?
13
Calculate the greatest common factor of 105 and 5325.
15
What is the greatest common factor of 78 and 442?
26
Calculate the highest common divisor of 2992 and 3344.
176
What is the highest common divisor of 185 and 999?
37
What is the highest common divisor of 8 and 30584?
8
What is the greatest common divisor of 27 and 219?
3
What is the greatest common divisor of 9 and 36?
9
What is the highest common divisor of 9 and 69?
3
Calculate the highest common divisor of 63 and 28.
7
Calculate the highest common divisor of 25 and 12750.
25
What is the highest common factor of 665 and 209?
19
What is the highest common divisor of 1785 and 1365?
105
What is the greatest common divisor of 1097 and 4?
1
Calculate the greatest common divisor of 70 and 7630.
70
Calculate the greatest common divisor of 2806 and 610.
122
Calculate the highest common factor of 24 and 1416.
24
What is the highest common divisor of 126 and 336?
42
What is the greatest common divisor of 20 and 40?
20
What is the highest common divisor of 861 and 21?
21
Calculate the highest common factor of 270 and 30.
30
Calculate the greatest common factor of 860 and 20.
20
Calculate the greatest common factor of 102 and 136.
34
Calculate the greatest common factor of 22 and 314.
2
What is the greatest common factor of 26 and 26?
26
Calculate the greatest common factor of 36 and 1956.
12
What is the greatest common divisor of 8596 and 84?
28
What is the highest common factor of 124 and 3131?
31
Calculate the greatest common divisor of 118 and 8.
2
Calculate the greatest common factor of 2 and 1234.
2
Calculate the highest common factor of 94 and 4.
2
What is the highest common divisor of 162 and 891?
81
Calculate the greatest common divisor of 1 and 541.
1
What is the highest common factor of 1133 and 206?
103
Calculate the highest common factor of 40 and 32.
8
Calculate the highest common factor of 255 and 15.
15
Calculate the greatest common divisor of 178 and 2.
2
Calculate the greatest common factor of 90 and 1026.
18
Calculate the highest common divisor of 38 and 2774.
38
What is the greatest common factor of 101 and 32017?
101
What is the highest common factor of 9156 and 210?
42
Calculate the greatest common factor of 8 and 1208.
8
What is the greatest common divisor of 60 and 120?
60
What is the highest common factor of 13221 and 226?
113
Calculate the greatest common divisor of 170 and 1088.
34
What is the highest common divisor of 39713 and 263?
263
What is the greatest common divisor of 99 and 66?
33
What is the highest common divisor of 1192 and 8?
8
What is the highest common factor of 120 and 675?
15
What is the highest common factor of 25 and 1145?
5
Calculate the highest common factor of 329 and 7.
7
Calculate the highest common divisor of 138 and 6854.
46
Calculate the highest common divisor of 342 and 38.
38
Calculate the greatest common factor of 42 and 525.
21
What is the greatest common factor of 104 and 806?
26
What is the highest common factor of 24 and 384?
24
Calculate the greatest common factor of 57 and 4731.
57
Calculate the highest common factor of 14 and 28.
14
What is the highest common divisor of 9 and 2817?
9
Calculate the greatest common factor of 6 and 87.
3
Calculate the highest common factor of 459 and 867.
51
What is the highest common divisor of 38 and 13186?
38
Calculate the greatest common factor of 8 and 5672.
8
Calculate the highest common factor of 27 and 2853.
9
What is the highest common factor of 1457 and 31?
31
What is the greatest common factor of 6 and 210?
6
Calculate the greatest common factor of 2772 and 572.
44
Calculate the highest common factor of 12 and 1644.
12
What is the greatest common divisor of 4053 and 42?
21
What is the greatest common divisor of 25 and 260?
5
What is the highest common factor of 1200 and 75?
75
Calculate the greatest common factor of 1998 and 216.
54
What is the greatest common factor of 6744 and 84?
12
Calculate the greatest common factor of 1 and 11.
1
Calculate the highest common divisor of 234 and 130.
26
Calculate the greatest common divisor of 2 and 78.
2
What is the highest common divisor of 12 and 444?
12
What is the highest common factor of 297 and 132?
33
Calculate the highest common divisor of 474 and 12.
6
Calculate the greatest common factor of 29422 and 313.
313
What is the greatest common divisor of 39 and 2379?
39
Calculate the greatest common divisor of 120 and 8.
8
What is the greatest common factor of 14291 and 31?
31
What is the highest common factor of 14688 and 144?
144
Calculate the greatest common divisor of 14 and 27706.
14
Calculate the greatest common divisor of 294 and 24.
6
Calculate the highest common factor of 555 and 1184.
37
What is the highest common factor of 738 and 18?
18
Calculate the greatest common divisor of 10 and 9470.
10
Calculate the highest common divisor of 2068 and 44.
44
Calculate the gr